21 + 6 - (71 - 53) - -36)?
-65
Evaluate 43 + (-2 + 1 - ((1 - -10) + -24)) + -18.
37
-272 + 244 + 8 + 16 + 7 + (96 - 1)
98
Evaluate (22 - (-3 - (-35 + 10))) + (0 - -82).
82
68 + 0 + -77 - -18
9
93 + -171 + -100 + 145
-33
Evaluate 4 + -4 + 3 + 3 - (9 + (27 - 41)).
11
2792 + -2794 + 1 + (23 - 0)
22
What is the value of (-20 - -35) + 0 + -23 + 27?
19
Calculate 4 + 53 + -1 + (-1 - 5) + -4.
46
Evaluate (-53 - -137) + -299 - -97.
-118
Calculate 48 + -20 + 34 + -11 + -2 + -4 + 9.
54
Calculate (412 - 455) + (48 - 1) - 2.
2
Calculate 10 + (2 + -5 - -2 - (85 + -64)) + 27.
15
50 + (39 - 42 - -46)
93
Evaluate -63 + 24 + (-1 - (-2 - 8) - (-4 - -3)).
-29
(19 - -30) + -24 - 23
2
What is the value of -8 - (-91 + -96 + 181 - (-42 + (-1 - -1)))?
-44
-49 + 58 + -41 + 11
-21
-38 + (0 - (-80 + 6) - 19)
17
Evaluate (-3 - (2 + -14)) + (9 - 81 - (1 - 7)).
-57
1 + 1 - (-10 - (7 + -7)) - (-47 - -17)
42
What is 17 - (24 + 2 - 12) - 4 - 9?
-10
Calculate 38 + (43 - (41 + -34)) - (13 - -1).
60
14 + 14 + (-8 - (-36 - (7 + -9)))
54
Calculate (5 - 23 - (-10 + -11)) + 0 + 104.
107
Calculate 23 + (32 - (104 - (-46 + 70))).
-25
Calculate 0 + 18 + (-57 - 27) + 64 + (65 - 2).
61
What is 6 - (23 + -31 + (8 - (31 - -6 - -7)))?
50
Calculate -49 - (22 - 75 - -64).
-60
What is the value of -82 + 59 + (-12 - -59)?
24
What is the value of (-11 + -2 - 0 - (-60 + 48)) + 28?
27
What is the value of ((-10 - -16) + -23 + 7 - 12) + -21 + 32?
-11
45 - 118 - -97 - 16
8
What is (198 - 334) + 201 + -1 + -4?
60
What is 9 - 0 - (-9 + -25 + 6)?
37
-2 + -5 + (-14 - 0) + 21 + 67 + 9
76
What is -4 + 13 + -2 + (-8 - -7 - 7)?
-1
1 + -32 - (-18 + -17 + 40 + -1)
-35
Calculate (-34 - -1) + 36 + -24.
-21
Calculate -45 + 58 + (-26 - 1).
-14
Evaluate (1 - -1) + 4 + (-147 - (37 - 243)).
65
Calculate -1 + (-29 + -4 - 12).
-46
-92 + -1 + (31 - 19 - -9)
-72
What is the value of 23 - (18 + -12 + (-29 - -37))?
9
What is the value of 54 - (-119 + (-15 - -246))?
-58
Evaluate 4 - (3 + -20 + 27 + 4 + -53).
43
What is 7 - 80 - -61 - (-16 - -1)?
3
What is the value of (196 - 207) + (15 - -1) - 6?
-1
Evaluate 45 + (17 - 17) - 93.
-48
What is -2 + -85 + (19 + -23 - (-74 - -59))?
-76
Evaluate 7 - 18 - -25 - (9 + 21).
-16
Evaluate (5 - (6 + -4) - (-3 + 1)) + (4 - -5).
14
13 + -1 + (21 - 43) + -22
-32
What is 16 - (7 + 14) - -17 - (4 - -5) - -32?
35
12 - (818 + -735 + 10 + -3 + 1)
-79
What is the value of -187 + 55 + 155 + -41?
-18
Calculate (75 - -3 - 21) + -11 + 0.
46
What is the value of 12 - 7 - ((-8 - 20) + 84) - 0?
-51
What is 22 + -1 + -42 + 62 + -8 + 11 + -11?
33
Calculate 10 + (15 - (2 + -5 + -10 + -19)).
57
14 + -62 + 20 + 32
4
Calculate -1 + 2 + (35 - (26 - 32 - -16)).
26
4 + 5 + (0 - 51 - -1 - (26 + -25))
-42
Evaluate -86 - -81 - (-3 - (-1 - (37 - -1))).
-41
What is 10 + -4 + 17 - (9 - -2) - -41?
53
Evaluate -8 + 92 - ((23 - 15) + -2 + 5 + -20).
93
(59 - (-7 + 0)) + (-127 - -110)
49
Calculate 154 - 33 - -3 - 72.
52
What is 9 + 11 + (121 - 86)?
55
What is (2 - 2) + -2 + (-10 - -13) - (13 + 16)?
-28
(73 - 234) + 117 - -24
-20
(12 - (37 + 5 + -19) - 12) + -7
-30
What is the value of 8 + (-12 - (-5 + (1 - 11) - -66))?
-55
16 + (54 - 46) + -18
6
What is 149 - (-227 + 157 - -232)?
-13
Calculate -134 + 32 + 18 + 22.
-62
What is 67 + (-63 - 8) + 5?
1
What is -51 + 39 + 8 + (-7 - -5)?
-6
21 - (96 - 64 - (-1 - -45))
33
-1 + (-2 + 0 - -64) - ((82 - -12) + -85)
52
265 + (-94 - (-25 + 70))
126
Evaluate (3 - -46) + -100 - -24.
-27
Calculate 8 - ((8 - (8 - 24)) + -22).
6
Evaluate 0 - 10 - (-2 + (-19 - 5) - -29).
-13
44 + (10 - (22 + -6)) + (-5 - -16) + 10
59
What is 57 + -136 + -1 + 35?
-45
Calculate 7 + -2 - (17 + -9) - (27 + -7 + -14).
-9
What is the value of -32 + 64 - 20 - (-38 + 0 + 0)?
50
(-3 - 0 - 2) + (-8 - -4) + 4
-5
-16 + (43 + 8 - (1 + 0 + -16))
50
What is -73 + 48 - (89 - (-12 + (8 - -15)))?
-103
Calculate 28 + (-48 - (-45 - 28)).
53
What is 24 - (-50 + 9) - 19?
46
Calculate -12 - -11 - -3 - (2 + -3 + -1 - -49).
-45
What is 8 - 11 - (321 + -274)?
-50
What is -169 + 156 + -21 + -10?
-44
What is 65 - 40 - 12 - 43?
-30
Calculate -10 - -58 - 89 - -74.
33
What is the value of 23 + (35 - 59 - -7)?
6
What is the value of -116 - ((47 - (29 - -8)) + -23 + -3)?
-100
What is the value of -1531 + 1634 + (10 - -7)?
120
What is the value of -53 + 19 + -4 - (35 + -26)?
-47
Evaluate 4615 + -4585 + (-3 - 2).
25
What is the value of -28 + 115 + -44 + 14?
57
Evaluate 159 - 160 - (1 + -1 + 0 + 50).
-51
What is 175 + -307 + 147 + (-1 - -67)?
81
(0 - -22 - (-401 + 415)) + (4 + -1 - 12)
-1
What is 7 - (-11 + (-9 + 4 + 2 - 5 - -86))?
-60
What is 7 + (5 - -13) - (141 - 124)?
8
Calculate 48 - (0 + -22 + (21 - 10) + 4 - -4).
51
Calculate -166 + 97 + (8 + 0 - -29 - 14).
-46
What is the value of 58 - 108 - (-84 + -5)?
39
Calculate 7 + (-75 + 86 - ((-1 - -5 - 5) + 9)).
10
Calculate 5301 + -5276 - (58 - 0).
-33
(16 - -74) + (3 - 6) + -28
59
What is the value of -103 + (35 - (-10 + 34)) + 2 + -18?
-108
Evaluate -108 - (-3 + (-72 - -74)).
-107
(42 - (1 - 5)) + (410 - 381)
75
What is the value of (-37 - -22) + 25 + 3 - (-1 + 9)?
5
(24 - 2) + (-3771 - -3675)
-74
What is (34 - 84) + 21 + (-2 - (-13 + 1)) - -2?
-17
Evaluate -17 + 10 + (99 - 94 - (0 - 120)) + 0.
118
What is the value of -2 + ((-17 - -5) + 14 - (2 - 0))?
-2
What is the value of 1 + 0 + -63 + 1 + 6 + -12 + 4?
-63
What is -6 + 40 - (-25 - (-32 - -72))?
99
113 + 1582 + -1574 + (-43 - 1)
77
What is the value of -35 - 5 - -84 - -1?
45
What is the value of (1 - -6) + 84 + -19 + (7 - (-2 - 7))?
88
What is the value of (-11 + 17 - 1) + (-5 + -11 - -8)?
-3
What is (-24 + 46 - 25 - 2) + (-2 + -1 - 15)?
-23
Evaluate 44 + -16 + 5 + (-3 - -8).
38
Evaluate (57 - -6) + -5 - (-2 + 3 - -6 - 4).
55
(-7 + 3 - -40) + (-18 - (10 + -29))
37
Calculate 5 - (2 + (-9 - -5)) - 14 - -69.
62
Evaluate -94 - (13 + -113) - (0 - (-35 + -1 + 3)).
-27
3 + (0 - 6) + 4 - (261 - 296)
36
20 - (42 + 34 - 39)
-17
What is 322 - 259 - (-2 + 3 + 6)?
56
(-98 - -39) + 155 + -87
9
Calculate 26 + ((-17 - 30) + 31 - -40).
50
What is the value of 16 + (-55 - -2) + (-6 - 1)?
-44
-2 + 61 + 158 + -182
35
What is 461 + -482 + (6 - 0) - 17?
-32
-59 + 67 + 106 + -41
73
What is -1 - -8 - (269 - 273 - (-2 - 0) - -36)?
-27
Evaluate -10 + 21 + (88 + -90 - (2 + -9)).
16
What is -22 + 0 + (-123 - (-21 - 126)) - 44?
-42
424 + -412 - ((1 - 1) + (-7 - 7))
26
What is the value of -7 + -1 + -7 + 14 + 14 + -49?
-36
What is -17 - (0 + 54 - (86 + -95))?
-80
What is the value of 10 + 16 + -17 + 11 + -34?
-14
Evaluate 22 + -82 - -15 - (-14 + -2).
-29
What is -30 + (2 - -11 - (-100 - -108)) + -11?
-36
What is the value of -14 - -119 - (-7 - (2 - (-1 + 10)))?
105
10 - 15 - ((2 - 1) + -10) - (-3 - 9)
16
Evaluate 45 - ((4 - -3) + -2 - (-36 - (16 + -46))).
34
75 - (126 - (-50 + 44))
-57
Evaluate 1 + -21 - (-66 - 42 - -128).
-40
What is the value of (8 - 20) + 69 + -5 + 6 + -6?
52
103 - (1 - (-3 - (-28 + (15 - 12))))
124
Calculate 79 + (4 - 29) + -29.
25
-1 + 4 - 4 - (17 - (-11 + 8 + 15))
-6
Calculate -9 + 31 + 3 + -34 + 0 + 27.
18
What is (-28 - 11) + (-97 - -93)?
-43
What is the value of -23 + -23 + (-27 - -40) + 51?
18
-33 - ((-140 - -70) + -29)
66
What is the value of 42 - (25 - (-37 + 78 + -1))?
57
What is -35 - (18 - 46 - -26 - -6)?
-39
Evaluate -37 + -154 + 139 + (-2 - (-1 - 14)).
-39
What is the value of (-6 - (-4 - -2)) + -12 + 3 - 23?
-36
Calculate 0 + -5 + -9 + 36 + (21 - 47) - 88.
-92
Evaluate 0 + -18 + 7 + 11.
0
What is the value of (-9 - 25) + (-102 - -136) + (-25 - -5)?
-20
Calculate -24 + (12 - -3 - (-60 + 66)) + (-119 - 2).
-136
What is 3 + (-74 - -57) + 17?
3
What is the value of -35 + 5 + 8 + -18 + 3 + (8 - -2)?
-27
Evaluate (40 - (-24 - (-1 + -14))) + -21.
28
Calculate 1 - 80 - ((53 + -18 + -21 - 21) + -2).
-70
Calculate (-11 + 5 + 10 + -4 - 41) + 7.
-34
Calculate (10 + -2 - (11 - -80)) + (4 - -1).
-78
Calculate -34 + (-45 - (33 - 136)).
24
Evaluate (-8 - (13 + -6 + -25)) + (-5 - (-4 + 19)).
-10
What is the value of -100 - (-14 + 3) - -10 - (0 + (1 - 13))?
-67
Evaluate 34 + (-75 - (106 + -88)).
-59
-7 + 5 + (22 - (26 + -49 + 99))
-56
What is the value of 1 + (4 - -44) + -106 + 98?
41
What is the value of 35 + (7 - (-13 - (5 - 13))) + -12?
35
What is 1372 - 1355 - (101 + 5)?
-89
(3 - -2) + -22 + -28 + 34 - (-6 + -94)
89
(-2 + 5 - (8 - -8)) + 39